 divided by 3106.
1609
Calculate the remainder when 146090 is divided by 2756.
22
Calculate the remainder when 72584471 is divided by 9709.
9696
What is the remainder when 1758393 is divided by 1758389?
4
What is the remainder when 82482 is divided by 1792?
50
What is the remainder when 120540233 is divided by 120540231?
2
What is the remainder when 4410914 is divided by 1470240?
194
What is the remainder when 86724070 is divided by 79?
3
What is the remainder when 9409072 is divided by 169?
166
What is the remainder when 132574805 is divided by 68585?
0
Calculate the remainder when 30817 is divided by 1289.
1170
Calculate the remainder when 730919 is divided by 730791.
128
Calculate the remainder when 10080646 is divided by 24.
22
What is the remainder when 256891 is divided by 63666?
2227
What is the remainder when 758970 is divided by 1727?
817
What is the remainder when 36380295 is divided by 9095066?
31
What is the remainder when 10035451 is divided by 36895?
11
What is the remainder when 36127433 is divided by 3284311?
12
What is the remainder when 15944297 is divided by 1226480?
57
What is the remainder when 1432083401 is divided by 11771?
11770
What is the remainder when 903147 is divided by 180413?
1082
What is the remainder when 866969 is divided by 3310?
3059
What is the remainder when 11999 is divided by 2813?
747
What is the remainder when 167979 is divided by 1387?
152
Calculate the remainder when 824 is divided by 287.
250
Calculate the remainder when 102354032 is divided by 1142.
1140
Calculate the remainder when 40818252 is divided by 20409117.
18
What is the remainder when 25597 is divided by 401?
334
Calculate the remainder when 130540672 is divided by 373.
370
What is the remainder when 3923616 is divided by 4649?
4509
What is the remainder when 7411435 is divided by 739?
4
What is the remainder when 103477516 is divided by 708750?
16
What is the remainder when 8441677 is divided by 93793?
307
What is the remainder when 18537730 is divided by 10660?
10650
What is the remainder when 2758770925 is divided by 46?
45
Calculate the remainder when 50536588 is divided by 54282.
46
Calculate the remainder when 55182 is divided by 13405.
1562
Calculate the remainder when 5006018 is divided by 73617.
62
Calculate the remainder when 2188616 is divided by 1157.
729
What is the remainder when 113514234 is divided by 374?
372
What is the remainder when 131996 is divided by 10995?
56
What is the remainder when 779756 is divided by 259914?
14
Calculate the remainder when 83983044 is divided by 394.
368
What is the remainder when 111638971 is divided by 13444?
13439
Calculate the remainder when 755230 is divided by 23494.
3422
Calculate the remainder when 583708 is divided by 194037.
1597
What is the remainder when 689313 is divided by 68555?
3763
What is the remainder when 15322 is divided by 540?
202
What is the remainder when 350292683 is divided by 238?
237
Calculate the remainder when 19564036 is divided by 542.
4
What is the remainder when 38100263 is divided by 204?
203
Calculate the remainder when 5441 is divided by 1750.
191
Calculate the remainder when 1572421 is divided by 561.
499
Calculate the remainder when 23713904 is divided by 2554.
14
What is the remainder when 1217555 is divided by 2026?
1955
Calculate the remainder when 290306 is divided by 561.
269
Calculate the remainder when 96930 is divided by 451.
416
What is the remainder when 235101224 is divided by 11?
6
Calculate the remainder when 11322098 is divided by 1886997.
116
What is the remainder when 3369962 is divided by 98?
36
What is the remainder when 3662686 is divided by 4?
2
What is the remainder when 1037721737 is divided by 10992?
10985
Calculate the remainder when 44360507 is divided by 13.
9
Calculate the remainder when 76414 is divided by 389.
170
Calculate the remainder when 1369142 is divided by 152125.
17
Calculate the remainder when 297972 is divided by 97932.
4176
Calculate the remainder when 407937 is divided by 3548.
3465
What is the remainder when 1216303 is divided by 3407?
4
Calculate the remainder when 424567 is divided by 141512.
31
Calculate the remainder when 13792427 is divided by 475600.
27
What is the remainder when 93736587 is divided by 44?
43
What is the remainder when 178414211 is divided by 694?
691
Calculate the remainder when 401686 is divided by 35.
26
Calculate the remainder when 5231459 is divided by 250.
209
What is the remainder when 388537 is divided by 6583?
140
What is the remainder when 6841967 is divided by 57?
29
Calculate the remainder when 144610 is divided by 565.
535
Calculate the remainder when 3247073 is divided by 3247054.
19
What is the remainder when 113079078 is divided by 11605?
11563
What is the remainder when 33053 is divided by 10688?
989
What is the remainder when 126706 is divided by 160?
146
Calculate the remainder when 2783822 is divided by 133.
132
Calculate the remainder when 52557956 is divided by 24.
20
What is the remainder when 860039 is divided by 32?
7
Calculate the remainder when 8378935 is divided by 2186.
2183
What is the remainder when 223248 is divided by 13317?
10176
What is the remainder when 64856 is divided by 4965?
311
Calculate the remainder when 2190075 is divided by 631.
505
What is the remainder when 249073069 is divided by 6717?
6709
What is the remainder when 648181 is divided by 2490?
781
Calculate the remainder when 16858400 is divided by 17.
10
Calculate the remainder when 47523 is divided by 1247.
137
Calculate the remainder when 1998826 is divided by 30285.
16
What is the remainder when 92746 is divided by 935?
181
Calculate the remainder when 159808 is divided by 158167.
1641
What is the remainder when 106144 is divided by 50286?
5572
Calculate the remainder when 11515019 is divided by 44.
43
What is the remainder when 21125671 is divided by 704184?
151
What is the remainder when 182485 is divided by 60577?
754
Calculate the remainder when 3917270 is divided by 46634.
14
Calculate the remainder when 19808069 is divided by 329.
295
Calculate the remainder when 543940 is divided by 181050.
790
Calculate the remainder when 9753041 is divided by 23.
6
What is the remainder when 8336146 is divided by 4168052?
42
What is the remainder when 10971113 is divided by 23?
21
What is the remainder when 3691707 is divided by 1845572?
563
What is the remainder when 760870 is divided by 15?
10
Calculate the remainder when 10203124 is divided by 66.
52
Calculate the remainder when 546083 is divided by 498.
275
Calculate the remainder when 1538636 is divided by 18.
14
Calculate the remainder when 158887679 is divided by 184.
183
Calculate the remainder when 218100 is divided by 108196.
1708
What is the remainder when 87561 is divided by 87061?
500
Calculate the remainder when 143655310 is divided by 47885102.
4
What is the remainder when 121143 is divided by 2077?
677
What is the remainder when 51408 is divided by 1450?
658
Calculate the remainder when 3448062 is divided by 720.
702
What is the remainder when 24746 is divided by 219?
218
What is the remainder when 675877 is divided by 2440?
2437
What is the remainder when 168897 is divided by 623?
64
What is the remainder when 41711 is divided by 20814?
83
Calculate the remainder when 62509646 is divided by 12501927.
11
Calculate the remainder when 1565113599 is divided by 760.
759
What is the remainder when 2351638 is divided by 138331?
11
What is the remainder when 3892736 is divided by 92683?
50
What is the remainder when 19326 is divided by 153?
48
What is the remainder when 8097337 is divided by 84?
73
What is the remainder when 531007 is divided by 20418?
139
What is the remainder when 16280326 is divided by 133445?
36
What is the remainder when 403686 is divided by 1565?
1481
What is the remainder when 715701 is divided by 20?
1
What is the remainder when 109265 is divided by 54627?
11
What is the remainder when 1349119 is divided by 17?
16
What is the remainder when 433069 is divided by 16?
13
What is the remainder when 1824971 is divided by 46?
13
What is the remainder when 3296837 is divided by 34342?
5
What is the remainder when 154058 is divided by 7579?
2478
Calculate the remainder when 1889545 is divided by 2632.
2401
Calcul